NOAA-Style Climate Reports

Select a Year or Month report
2024: Jan Feb Mar Apr May Jun Jul Aug Sep Oct Nov Dec
2023: Jan Feb Mar Apr May Jun Jul Aug Sep Oct Nov Dec
2022: Jan Feb Mar Apr May Jun Jul Aug Sep Oct Nov Dec
2021: Jan Feb Mar Apr May Jun Jul Aug Sep Oct Nov Dec
2020: Jan Feb Mar Apr May Jun Jul Aug Sep Oct Nov Dec
2019: Jan Feb Mar Apr May Jun Jul Aug Sep Oct Nov Dec
2018: Jan Feb Mar Apr May Jun Jul Aug Sep Oct Nov Dec
2017: Jan Feb Mar Apr May Jun Jul Aug Sep Oct Nov Dec
2016: Jan Feb Mar Apr May Jun Jul Aug Sep Oct Nov Dec
2015: Jan Feb Mar Apr May Jun Jul Aug Sep Oct Nov Dec
2014: Jan Feb Mar Apr May Jun Jul Aug Sep Oct Nov Dec

Report for 2024 April

Daily NOAA report



                            MONTHLY CLIMATOLOGICAL SUMMARY for APR. 2024

NAME:    CITY:  STATE: 
ELEV:  LAT:  LONG: 

                            TEMPERATURE ( °F), RAIN (in.), WIND SPEED (mph)

                                               HEAT     COOL           AVG
      MEAN                                     DEG      DEG            WIND                       DOM
DAY   TEMP    HIGH   TIME     LOW    TIME      DAYS     DAYS    RAIN   SPEED    HIGH    TIME      DIR
--------------------------------------------------------------------------------------------------------
01    28.0   038.7   21:00    27.2   00:00     36.9     00.0   00.00   00.0     00.0    00:00      NW
02    27.6   033.1   17:01    21.2   00:00     37.4     00.0   00.02   00.0     00.0    00:00     NNW
03    29.8   038.3   17:24    19.3   02:34     35.1     00.0   00.00   00.0     00.0    00:00      N 
04    31.1   033.4   15:38    28.4   08:08     33.8     00.0   00.05   00.0     00.0    00:00      NE
05    32.3   038.6   17:03    23.8   08:24     32.7     00.0   00.00   00.0     00.0    00:00      NW
06    33.0   043.2   15:05    22.0   06:58     31.9     00.0   00.00   00.0     00.0    00:00     NNW
07    34.6   044.6   16:56    27.9   00:00     30.3     00.0   00.00   00.0     00.0    00:00     NNE
08    32.6   041.5   16:17    20.3   07:02     32.4     00.0   00.00   00.0     00.0    00:00     NNW
09    32.6   038.7   17:53    28.3   07:44     32.3     00.0   00.06   00.0     00.0    00:00      E 
10    31.1   040.4   17:14    21.6   06:41     33.8     00.0   00.01   00.0     00.0    00:00      N 
11    33.8   037.1   00:00    28.6   00:01     31.1     00.0   00.18   00.0     00.0    00:00     SSW
12    36.0   039.2   13:10    32.1   23:19     28.9     00.0   00.00   00.0     00.0    00:00     SSW
13    34.1   042.0   17:14    28.4   23:50     30.8     00.0   00.02   00.0     00.0    00:00     NNW
14    33.2   042.5   15:23    22.7   06:58     31.8     00.0   00.00   00.0     00.0    00:00     NNW
15    33.2   046.0   17:20    20.5   07:09     31.7     00.0   00.00   00.0     00.0    00:00      NW
16    37.9   047.0   16:22    29.5   00:03     27.1     00.0   00.00   00.0     00.0    00:00      N 
17    40.5   047.7   16:19    34.8   00:04     24.4     00.0   00.00   00.0     00.0    00:00     ENE
--------------------------------------------------------------------------------------------------------
33.0 (33.2)   47.7  day 17     19.3  day 03   542.5    000.0   01.21   00.0     00.0   day 18      N 
Min <  86: 17
Min <  23: 7
Max Rain: 0.18 ON 11-04-24
Days of Rain: 6 (> .008in) 1 (> .08in) 0 (> 0.8in)





Dans Automotive

Lower Peninsula Power Sports

Alaska Weather Net